{"id":1034,"date":"2018-07-23T22:25:46","date_gmt":"2018-07-23T20:25:46","guid":{"rendered":"http:\/\/www.miedziana.pl\/?page_id=1034"},"modified":"2023-01-01T22:58:04","modified_gmt":"2023-01-01T21:58:04","slug":"takie-tam","status":"publish","type":"page","link":"https:\/\/www.miedziana.pl\/index.php\/takie-tam\/","title":{"rendered":"Takie tam&#8230;"},"content":{"rendered":"<div id=\"attachment_1230\" style=\"width: 310px\" class=\"wp-caption alignleft\"><a href=\"https:\/\/www.miedziana.pl\/wp-content\/uploads\/2023\/01\/kap1_1.jpg\"><img loading=\"lazy\" decoding=\"async\" aria-describedby=\"caption-attachment-1230\" class=\"wp-image-1230 size-medium\" src=\"https:\/\/www.miedziana.pl\/wp-content\/uploads\/2023\/01\/kap1_1-300x168.jpg\" alt=\"\" width=\"300\" height=\"168\" srcset=\"https:\/\/www.miedziana.pl\/wp-content\/uploads\/2023\/01\/kap1_1-300x168.jpg 300w, https:\/\/www.miedziana.pl\/wp-content\/uploads\/2023\/01\/kap1_1-1024x574.jpg 1024w, https:\/\/www.miedziana.pl\/wp-content\/uploads\/2023\/01\/kap1_1-768x431.jpg 768w, https:\/\/www.miedziana.pl\/wp-content\/uploads\/2023\/01\/kap1_1-1536x862.jpg 1536w, https:\/\/www.miedziana.pl\/wp-content\/uploads\/2023\/01\/kap1_1.jpg 1920w\" sizes=\"auto, (max-width: 300px) 100vw, 300px\" \/><\/a><p id=\"caption-attachment-1230\" class=\"wp-caption-text\">Widok z G\u00f3ry Kaplicznej na wsch\u00f3d, 2023 r.<\/p><\/div>\r\n<div id=\"attachment_1231\" style=\"width: 310px\" class=\"wp-caption alignleft\"><a href=\"https:\/\/www.miedziana.pl\/wp-content\/uploads\/2023\/01\/kap2_1.jpg\"><img loading=\"lazy\" decoding=\"async\" aria-describedby=\"caption-attachment-1231\" class=\"wp-image-1231 size-medium\" src=\"https:\/\/www.miedziana.pl\/wp-content\/uploads\/2023\/01\/kap2_1-300x82.jpg\" alt=\"\" width=\"300\" height=\"82\" srcset=\"https:\/\/www.miedziana.pl\/wp-content\/uploads\/2023\/01\/kap2_1-300x82.jpg 300w, https:\/\/www.miedziana.pl\/wp-content\/uploads\/2023\/01\/kap2_1-1024x281.jpg 1024w, https:\/\/www.miedziana.pl\/wp-content\/uploads\/2023\/01\/kap2_1-768x210.jpg 768w, https:\/\/www.miedziana.pl\/wp-content\/uploads\/2023\/01\/kap2_1-1536x421.jpg 1536w, https:\/\/www.miedziana.pl\/wp-content\/uploads\/2023\/01\/kap2_1.jpg 1920w\" sizes=\"auto, (max-width: 300px) 100vw, 300px\" \/><\/a><p id=\"caption-attachment-1231\" class=\"wp-caption-text\">Widok z G\u00f3ry Kaplicznej na p\u00f3\u0142nocny-wsch\u00f3d, 2023 r.<\/p><\/div>\r\n<div id=\"attachment_1232\" style=\"width: 310px\" class=\"wp-caption alignleft\"><a href=\"https:\/\/www.miedziana.pl\/wp-content\/uploads\/2023\/01\/kap3_1.jpg\"><img loading=\"lazy\" decoding=\"async\" aria-describedby=\"caption-attachment-1232\" class=\"wp-image-1232 size-medium\" src=\"https:\/\/www.miedziana.pl\/wp-content\/uploads\/2023\/01\/kap3_1-300x91.jpg\" alt=\"\" width=\"300\" height=\"91\" srcset=\"https:\/\/www.miedziana.pl\/wp-content\/uploads\/2023\/01\/kap3_1-300x91.jpg 300w, https:\/\/www.miedziana.pl\/wp-content\/uploads\/2023\/01\/kap3_1-1024x309.jpg 1024w, https:\/\/www.miedziana.pl\/wp-content\/uploads\/2023\/01\/kap3_1-768x232.jpg 768w, https:\/\/www.miedziana.pl\/wp-content\/uploads\/2023\/01\/kap3_1-1536x464.jpg 1536w, https:\/\/www.miedziana.pl\/wp-content\/uploads\/2023\/01\/kap3_1.jpg 1920w\" sizes=\"auto, (max-width: 300px) 100vw, 300px\" \/><\/a><p id=\"caption-attachment-1232\" class=\"wp-caption-text\">Widok z G\u00f3ry Kaplicznej na zach\u00f3d, 2023 r.<\/p><\/div>\r\n<div id=\"attachment_1233\" style=\"width: 310px\" class=\"wp-caption alignleft\"><a href=\"https:\/\/www.miedziana.pl\/wp-content\/uploads\/2023\/01\/kap4_1.jpg\"><img loading=\"lazy\" decoding=\"async\" aria-describedby=\"caption-attachment-1233\" class=\"wp-image-1233 size-medium\" src=\"https:\/\/www.miedziana.pl\/wp-content\/uploads\/2023\/01\/kap4_1-300x169.jpg\" alt=\"\" width=\"300\" height=\"169\" srcset=\"https:\/\/www.miedziana.pl\/wp-content\/uploads\/2023\/01\/kap4_1-300x169.jpg 300w, https:\/\/www.miedziana.pl\/wp-content\/uploads\/2023\/01\/kap4_1-1024x576.jpg 1024w, https:\/\/www.miedziana.pl\/wp-content\/uploads\/2023\/01\/kap4_1-768x432.jpg 768w, https:\/\/www.miedziana.pl\/wp-content\/uploads\/2023\/01\/kap4_1-1536x864.jpg 1536w, https:\/\/www.miedziana.pl\/wp-content\/uploads\/2023\/01\/kap4_1.jpg 1920w\" sizes=\"auto, (max-width: 300px) 100vw, 300px\" \/><\/a><p id=\"caption-attachment-1233\" class=\"wp-caption-text\">Widok z G\u00f3ry Kaplicznej na wsch\u00f3d, 2023 r.<\/p><\/div>\r\n\r\n<figure class=\"wp-block-image size-medium is-resized\"><a href=\"https:\/\/www.miedziana.pl\/wp-content\/uploads\/2021\/11\/2kap-scaled.jpg\"><img loading=\"lazy\" decoding=\"async\" class=\"wp-image-1205\" src=\"https:\/\/www.miedziana.pl\/wp-content\/uploads\/2021\/11\/2kap-300x123.jpg\" alt=\"\" width=\"300\" height=\"123\" srcset=\"https:\/\/www.miedziana.pl\/wp-content\/uploads\/2021\/11\/2kap-300x123.jpg 300w, https:\/\/www.miedziana.pl\/wp-content\/uploads\/2021\/11\/2kap-1024x419.jpg 1024w, https:\/\/www.miedziana.pl\/wp-content\/uploads\/2021\/11\/2kap-768x314.jpg 768w, https:\/\/www.miedziana.pl\/wp-content\/uploads\/2021\/11\/2kap-1536x628.jpg 1536w, https:\/\/www.miedziana.pl\/wp-content\/uploads\/2021\/11\/2kap-2048x837.jpg 2048w\" sizes=\"auto, (max-width: 300px) 100vw, 300px\" \/><\/a>\r\n<figcaption>G\u00f3ra Kapliczna, widok od wschodu, 2021 r.<\/figcaption>\r\n<\/figure>\r\n\r\n\r\n\r\n<p>&nbsp;<\/p>\r\n\r\n\r\n\r\n<p>&nbsp;<\/p>\r\n","protected":false},"excerpt":{"rendered":"<p>&nbsp; &nbsp;<\/p>\n","protected":false},"author":1,"featured_media":0,"parent":0,"menu_order":0,"comment_status":"closed","ping_status":"closed","template":"","meta":{"footnotes":""},"class_list":["post-1034","page","type-page","status-publish","hentry"],"_links":{"self":[{"href":"https:\/\/www.miedziana.pl\/index.php\/wp-json\/wp\/v2\/pages\/1034","targetHints":{"allow":["GET"]}}],"collection":[{"href":"https:\/\/www.miedziana.pl\/index.php\/wp-json\/wp\/v2\/pages"}],"about":[{"href":"https:\/\/www.miedziana.pl\/index.php\/wp-json\/wp\/v2\/types\/page"}],"author":[{"embeddable":true,"href":"https:\/\/www.miedziana.pl\/index.php\/wp-json\/wp\/v2\/users\/1"}],"replies":[{"embeddable":true,"href":"https:\/\/www.miedziana.pl\/index.php\/wp-json\/wp\/v2\/comments?post=1034"}],"version-history":[{"count":11,"href":"https:\/\/www.miedziana.pl\/index.php\/wp-json\/wp\/v2\/pages\/1034\/revisions"}],"predecessor-version":[{"id":1235,"href":"https:\/\/www.miedziana.pl\/index.php\/wp-json\/wp\/v2\/pages\/1034\/revisions\/1235"}],"wp:attachment":[{"href":"https:\/\/www.miedziana.pl\/index.php\/wp-json\/wp\/v2\/media?parent=1034"}],"curies":[{"name":"wp","href":"https:\/\/api.w.org\/{rel}","templated":true}]}}