{"id":2,"date":"2015-08-05T12:27:37","date_gmt":"2015-08-05T10:27:37","guid":{"rendered":"http:\/\/miedziana.pl\/?page_id=2"},"modified":"2020-12-13T15:55:34","modified_gmt":"2020-12-13T14:55:34","slug":"przykladowa-strona","status":"publish","type":"page","link":"https:\/\/www.miedziana.pl\/","title":{"rendered":"Miedziana G\u00f3ra"},"content":{"rendered":"<div id=\"attachment_463\" style=\"width: 310px\" class=\"wp-caption alignleft\"><a href=\"https:\/\/www.miedziana.pl\/wp-content\/uploads\/2015\/08\/panorama1.jpg\"><img loading=\"lazy\" decoding=\"async\" aria-describedby=\"caption-attachment-463\" class=\"wp-image-463 size-medium\" src=\"https:\/\/www.miedziana.pl\/wp-content\/uploads\/2015\/08\/panorama1-300x140.jpg\" alt=\"Panorama\" width=\"300\" height=\"140\" srcset=\"https:\/\/www.miedziana.pl\/wp-content\/uploads\/2015\/08\/panorama1-300x140.jpg 300w, https:\/\/www.miedziana.pl\/wp-content\/uploads\/2015\/08\/panorama1-1024x478.jpg 1024w, https:\/\/www.miedziana.pl\/wp-content\/uploads\/2015\/08\/panorama1.jpg 1920w\" sizes=\"auto, (max-width: 300px) 100vw, 300px\" \/><\/a><p id=\"caption-attachment-463\" class=\"wp-caption-text\">Widok Miedzianej G\u00f3ry ze wzg\u00f3rza Mogi\u0142ki.<\/p><\/div>\n<p style=\"text-align: justify;\">Herb Miedzianej G\u00f3ry nawi\u0105zuje do wielowiekowych tradycji g\u00f3rniczych tej miejscowo\u015bci. <a href=\"https:\/\/www.google.pl\/maps\/place\/Miedziana+G%C3%B3ra\/@50.9408066,20.5516276,12.25z\/data=!4m2!3m1!1s0x47182936182fd971:0x162f180d5f66ef4a\" target=\"_blank\" rel=\"noopener\">Miedziana G\u00f3ra<\/a> powsta\u0142a w ko\u0144cu XVI wieku jako osada g\u00f3rnicza przy nowo budowanej kopalni rud polimetalicznych: miedzi, \u017celaza, cynku i o\u0142owiu, za\u015b w jej najbli\u017cszym s\u0105siedztwie, na wzg\u00f3rzu \u0141aw\u0119czna rozwin\u0119\u0142a si\u0119 eksploatacja rud \u017celaza. Skarby ukryte tu pod ziemi\u0105 rozbudza\u0142y nadziej\u0119 wielu pokole\u0144 g\u00f3rnik\u00f3w i przedsi\u0119biorc\u00f3w, kt\u00f3rzy gotowi byli ryzykowa\u0107 w\u0142asne fortuny, by je uzyska\u0107. Przekonani o istnieniu tego skarbu byli biskupi krakowscy \u2013 w\u0142a\u015bciciele tego terenu do ko\u0144ca XVIII wieku \u2013 kt\u00f3rzy w r\u00f3\u017cny spos\u00f3b zach\u0119cali i mobilizowali swych poddanych oraz przyjezdnych do podj\u0119cia poszukiwa\u0144. Du\u017ce pieni\u0105dze \u0142o\u017cy\u0142 na odkrycie \u201ewielkiej miedzi\u201d kr\u00f3l Stanis\u0142aw August Poniatowski; dwukrotnie szukali tu szcz\u0119\u015bcia okupanci austriaccy; entuzjast\u0105 poszukiwa\u0144 by\u0142 ksi\u0105dz Stanis\u0142aw Staszic. Wreszcie w po\u0142owie XIX wieku straci\u0142 maj\u0105tek na poszukiwaniach by\u0142y pracownik kopalni Kazimierz Kossowski. W istnienie skarbu wierzyli przede wszystkim sami mieszka\u0144cy Miedzianej G\u00f3ry, opowiadaj\u0105c legendy o pozostawionych w ziemi bry\u0142ach kruszcu. Kopalnie w Miedzianej G\u00f3rze i \u0141aw\u0119cznej budowa\u0142o zapewne wielu bezpo\u015brednich przodk\u00f3w wsp\u00f3\u0142czesnych mieszka\u0144c\u00f3w wsi. Takie spojrzenie na pozosta\u0142o\u015bci kopal\u0144 w rejonie Miedzianej G\u00f3ry, mo\u017ce rodzi\u0107 w\u015br\u00f3d w\u0142a\u015bcicieli obiekt\u00f3w dawnego g\u00f3rnictwa poczucie dumy a nawet swego rodzaju snobizm.<\/p>\n<div id=\"attachment_380\" style=\"width: 110px\" class=\"wp-caption alignright\"><a href=\"https:\/\/www.miedziana.pl\/wp-content\/uploads\/2015\/08\/herb1.jpg\"><img loading=\"lazy\" decoding=\"async\" aria-describedby=\"caption-attachment-380\" class=\"wp-image-380 size-full\" src=\"https:\/\/www.miedziana.pl\/wp-content\/uploads\/2015\/08\/herb1.jpg\" alt=\"herb\" width=\"100\" height=\"107\" \/><\/a><p id=\"caption-attachment-380\" class=\"wp-caption-text\">Herb Miedzianej G\u00f3ry.<\/p><\/div>\n<p style=\"text-align: justify;\">\u015alady g\u00f3rnictwa s\u0105 symbolem Miedzianej G\u00f3ry na krajoznawczej mapie Polski, znanym jednak dotychczas najlepiej historykom kultury materialnej i geologom. Obecnie s\u0142u\u017c\u0105 one nauce, mog\u0105 jednak r\u00f3wnie\u017c sta\u0107 si\u0119 obiektami odwiedzanymi przez turyst\u00f3w. Ich wykorzystanie turystyczno-krajoznawcze zale\u017cy w znacznym stopniu od spo\u0142eczno\u015bci i samorz\u0105du lokalnego. Zebrane w ksi\u0105\u017cce materia\u0142y historyczne a tak\u017ce wyniki bada\u0144 terenowych pozwalaj\u0105 na identyfikacj\u0119 wielu pozosta\u0142o\u015bci dawnego g\u00f3rnictwa na terenie Miedzianej G\u00f3ry oraz \u0141aw\u0119cznej. To podnosi warto\u015b\u0107 historyczn\u0105 oraz geologiczn\u0105 tych pozosta\u0142o\u015bci. Zmiany morfologiczne \u015blad\u00f3w g\u00f3rnictwa powsta\u0142e w wyniku dzia\u0142alno\u015bci cz\u0142owieka w ostatnich 25 latach budz\u0105 jednak zaniepokojenie, zw\u0142aszcza na terenie Miedzianej G\u00f3ry i wskazuj\u0105 na konieczno\u015b\u0107 ich ochrony. Dlatego tak wa\u017cne jest u\u015bwiadomienie wszystkim, zw\u0142aszcza mieszka\u0144com Miedzianej G\u00f3ry, \u017ce uci\u0105\u017cliwe nier\u00f3wno\u015bci terenu na ich gruntach s\u0105 pozosta\u0142o\u015bciami najwi\u0119kszej kopalni kruszc\u00f3w kr\u00f3lewskiej Rzeczpospolitej, pami\u0119taj\u0105cej czasy Kolumba.<\/p>\n<p style=\"text-align: left;\">Strona Internetowa powsta\u0142a na podstawie ksi\u0105\u017cki:<br \/>\n<a href=\"http:\/\/issuu.com\/pawekrol\/docs\/miedziana_new\"><strong>Pawe\u0142 Kr\u00f3l, Jan Urban. <em>Historyczne i geologiczne dziedzictwo g\u00f3rnictwa miedzianog\u00f3rskiego<\/em>. Kielce 2012, Wydawnictwo JP<\/strong><\/a><\/p>\n","protected":false},"excerpt":{"rendered":"<p>Herb Miedzianej G\u00f3ry nawi\u0105zuje do wielowiekowych tradycji g\u00f3rniczych tej miejscowo\u015bci. Miedziana G\u00f3ra powsta\u0142a w ko\u0144cu XVI wieku jako osada g\u00f3rnicza przy nowo budowanej kopalni rud polimetalicznych: miedzi, \u017celaza, cynku i o\u0142owiu, za\u015b w jej najbli\u017cszym s\u0105siedztwie, na wzg\u00f3rzu \u0141aw\u0119czna rozwin\u0119\u0142a si\u0119 eksploatacja rud \u017celaza. Skarby ukryte tu pod ziemi\u0105 rozbudza\u0142y nadziej\u0119 wielu pokole\u0144 g\u00f3rnik\u00f3w i [&hellip;]<\/p>\n","protected":false},"author":1,"featured_media":0,"parent":0,"menu_order":0,"comment_status":"closed","ping_status":"closed","template":"","meta":{"footnotes":""},"class_list":["post-2","page","type-page","status-publish","hentry"],"_links":{"self":[{"href":"https:\/\/www.miedziana.pl\/index.php\/wp-json\/wp\/v2\/pages\/2","targetHints":{"allow":["GET"]}}],"collection":[{"href":"https:\/\/www.miedziana.pl\/index.php\/wp-json\/wp\/v2\/pages"}],"about":[{"href":"https:\/\/www.miedziana.pl\/index.php\/wp-json\/wp\/v2\/types\/page"}],"author":[{"embeddable":true,"href":"https:\/\/www.miedziana.pl\/index.php\/wp-json\/wp\/v2\/users\/1"}],"replies":[{"embeddable":true,"href":"https:\/\/www.miedziana.pl\/index.php\/wp-json\/wp\/v2\/comments?post=2"}],"version-history":[{"count":28,"href":"https:\/\/www.miedziana.pl\/index.php\/wp-json\/wp\/v2\/pages\/2\/revisions"}],"predecessor-version":[{"id":1162,"href":"https:\/\/www.miedziana.pl\/index.php\/wp-json\/wp\/v2\/pages\/2\/revisions\/1162"}],"wp:attachment":[{"href":"https:\/\/www.miedziana.pl\/index.php\/wp-json\/wp\/v2\/media?parent=2"}],"curies":[{"name":"wp","href":"https:\/\/api.w.org\/{rel}","templated":true}]}}