{"id":493,"date":"2015-08-15T20:07:31","date_gmt":"2015-08-15T18:07:31","guid":{"rendered":"http:\/\/www.miedziana.pl\/?page_id=493"},"modified":"2025-04-23T11:14:24","modified_gmt":"2025-04-23T09:14:24","slug":"bibliografia","status":"publish","type":"page","link":"https:\/\/www.miedziana.pl\/index.php\/bibliografia\/","title":{"rendered":"Bibliografia"},"content":{"rendered":"<p>Adamczyk S. J., 2003 &#8211; Szko\u0142a Akademiczno-G\u00f3rnicza w Kielcach (1816-1827). Agencja Reklamowo-Wydawnicza \u201eJard\u201d, Kielce.<br \/>\nCarosi J. F. 1784b \u2013 Podr\u00f3\u017c przez niekt\u00f3re prowincye polskie. Magazyn Warszawski, t. 2: 302-319.<br \/>\nCzarnocki J. 1956 \u2013 W sprawie poszukiwa\u0144 miedzi w G\u00f3rach \u015awi\u0119tokrzyskich. Prace Inst. Geol. Pr. Geol., t. 5, z. 1: 94-98.<br \/>\nCzeppe M. 2000-2001 \u2013 Soldenhoffen Antoni Aleksander. Polski S\u0142ownik Biograficzny, t. 40. Warszawa-Krak\u00f3w: 263-267.<br \/>\nDzieko\u0144ski T. 1963 &#8211; Metalurgia miedzi o\u0142owiu i srebra w Europie \u015brodkowej od XV do ko\u0144ca XVIII w. Instytut Historii Kultury Materialnej PAN. Ossolineum Wroc\u0142aw-Warszawa-Krak\u00f3w, 1963<br \/>\nG\u0105siorowska N. 1922 &#8211; G\u00f3rnictwo i hutnictwo w Kr\u00f3lestwie Polskim w latach 1815-1830, Warszawa 1922.<br \/>\nvon Gessau L. 1799 \u2013 Mineralogische Beschreibung einer kleine Suiten von Fossilien aus dem Sandomirishen; Vorz\u00fcglich von Miedziana Gora und aus Nachbarschaft. Neue Schriften. Verhandlungen der Gesellschaft Naturforschender Freunde zu Berlin, Band. 2: 211-215.<br \/>\nK\u0119sek M. 1976 &#8211; Powstanie Komisji Kruszcowej i jej dzia\u0142alno\u015b\u0107 w Miedzianej G\u00f3rze w latach 1782-1785. Studia i Materia\u0142y z Dziej\u00f3w Nauki Polskiej, seria C, z. 21: 89-108.<br \/>\nKleczkowski A., R\u00f3\u017ca\u0144ski W., W\u00f3jcik Z. 1984 &#8211; Komisja kruszcowa \u2013 geneza i zarys dzia\u0142alno\u015bci. Studia Kieleckie, 1\/41: 11-28.<br \/>\nKondaki K. 1884 \u2013 O kopalniach rud, o\u0142owiu i miedzi w okolicy Kielc i Ch\u0119cin. Gazeta Kielecka, nr 15, 59, 60, 61, 62.<br \/>\nKopicki E. 1978 &#8211; Katalog podstawowych monet i banknot\u00f3w Polski oraz ziem historycznie z Polsk\u0105 zwi\u0105zanych. Polskie Tow. Archeologiczne i Numizmatyczne t. 4, Warszawa 1978.<br \/>\nKosik E., \u017belazny R.A. 2001 &#8211; W miedzianog\u00f3rskiej gminie, Kielce.<br \/>\nKossowski K. 1845 &#8211; O kopalni rudy miedzianej oko\u0142o Kielc w Kr\u00f3lestwie Polskim. Biblioteka Warszawska, t. 1: 544-571.<br \/>\nKowalczewski Z. 1972 \u2013 Podstawowe problemy \u015bwi\u0119tokrzyskiego g\u00f3rnictwa kruszcowego w \u015bwietle danych geologicznych. W: Materia\u0142y do sesji naukowej odbytej z okazji jubileuszu IX wiek\u00f3w Kielc. Wyd. Geol., Warszawa: 57-78.<br \/>\nKowalczewski Z., Szczeci\u0144ska A. 1977 \u2013 Wyniki bada\u0144 nad \u017cu\u017clami z kilku stanowisk dawnego hutnictwa metali nie\u017celaznych w G\u00f3rach \u015awi\u0119tokrzyskich. Rocznik \u015awi\u0119tokrzyski, 5: 151-168.<br \/>\nKasza A., Kr\u00f3l P., Pabian G. 2018\u00a0\u2013\u00a0Poszukiwania uranu w Miedzianej G\u00f3rze i Kielcach. Studia Muzealno-Historyczne, MHKi, s. 11-27<br \/>\nKr\u00f3l P., 2024\u00a0 \u2013 O produkcji \u015brutu my\u015bliwskiego w kopalni miedzianog\u00f3rskiej, \u201e\u015awi\u0119tokrzyskie\u201d, 34(38), lipiec 2024, s. 166-174.<br \/>\nKr\u00f3l P., Urban J. 2017 \u2013 Dzia\u0142alno\u015b\u0107 kopalni miedzianog\u00f3rskich w latach 1915\u20131922.\u00a0Studia Muzealno-Historyczne, Muzeum Historii Kielc2017, TOM IX, s. 11-30<br \/>\nKr\u00f3l P.\u00a0 2017 \u2013 Z miedzi kraiowey, \u201e\u015awi\u0119tokrzyskie\u201d \u2013 \u015arodowisko, Dziedzictwo Kulturowe, Edukacja Regionalna, Wojew\u00f3dzka Biblioteka Publiczna w Kielcach, nr 19 (23), s. 124-127.<br \/>\nKr\u00f3l P., Urban J. 2003 \u2013 Kopalnie w Miedzianej G\u00f3rze i \u0141aw\u0119cznej oraz ochrona ich pozosta\u0142o\u015bci. Rocznik \u015awi\u0119tokrzyski, Ser. B \u2013 Nauki Przyr., 29: 1-44.<br \/>\nKr\u00f3l P., Urban\u00a0 J. 2007 \u2013 Kopalnie miedzianog\u00f3rskie. LGD \u201eDorzecze Bobrzy\u201d, Miedziana G\u00f3ra.<br \/>\nKula W. 1956 \u2013 Kr\u00f3lewska fabryka kruszcowa w Miedzianej G\u00f3rze i Niewachlowie 1782-1795. W: Szkice o manufakturach w Polsce XVIII wieku, t. 2, cz. 3 (1780-1795). PWN, Warszawa: 490-541.<br \/>\nK. Kupczak, R.Warchulski, A. Gaw\u0119da. Reconstruction of smelting conditions during 16th\u2010 to 18th\u2010century copper ore processing in the Kielce region (Old Polish Industrial District) based on slags from Miedziana G\u00f3ra, Poland, 2022, DOI: 10.1111\/arcm.12837.<br \/>\nK. Kupczak, R. Warchulski, V. Ettler, M. Mihaljevi\u010d. The impact of buried historical copper slags on contemporary soil contamination, Journal of Geochemical Exploration, Volume 273, June 2025, 107743, https:\/\/doi.org\/10.1016\/j.gexplo.2025.107743.<br \/>\nKura\u015b S. 1959 \u2013 Materia\u0142y do dziej\u00f3w g\u00f3rnictwa i hutnictwa z Archiw\u00f3w Metropolitalnego i Kurialnego w Krakowie 1479-1640. Studia i materia\u0142y z historii kultury materialnej t. 4. Studia z dziej\u00f3w g\u00f3rnictwa i hutnictwa, t. 3: 263-357.<br \/>\n\u0141ab\u0119dzki H. 1841 &#8211; G\u00f3rnictwo w Polsce, t. 1. Druk J.J. Kaczanowskiego, Warszawa.<br \/>\nMajewski S. 1929 \u2013 Zapomniana relacja g\u00f3rnicza J.J. Ferbera do kr\u00f3la Stanis\u0142awa Augusta z roku 1781 (cz. 1). Technik, 23: 685-687.<br \/>\nMencel T. 1976 \u2013 Galicja zachodnia 1795-1809. Studia z dziej\u00f3w ziem polskich zaboru austriackiego po III rozbiorze. Wyd. UMCS, Lublin.<br \/>\nMiczulski S. 1970 \u2013 Warunki lokalizacji pierwszego zespo\u0142u wielkopiecowego na ziemiach polskich w 1610 r. Pr. Muz. Ziemi 15, cz. 1: 243-272.<br \/>\nMiczulski S. 1972a &#8211; Pocz\u0105tki rozwoju g\u00f3rnictwa i hutnictwa kruszcowego w rejonie Kielc do ko\u0144ca XVI. W: Materia\u0142y do sesji naukowej odbytej z okazji jubileuszu IX wiek\u00f3w Kielc. Wyd. Geol., Warszawa: 79-99.<br \/>\nMiczulski S. 1972b \u2013 Zwi\u0105zki zespo\u0142\u00f3w wielkopiecowych bobrza\u0144skiego i samsonowskiego ze \u015bwi\u0119tokrzyskim g\u00f3rnictwem i hutnictwem kruszcowym. W: Materia\u0142y z sesji naukowej odbytej z okazji jubileuszu IX wiek\u00f3w Kielc. Wyd. Geol., Warszawa: 157-184.<br \/>\nMizerski W. 2008 \u2013\u00a0 P. Kr\u00f3l &amp; J. Urban \u2013 Kopalnie miedzianog\u00f3rskie. Przegl. Geol. 56, 4: 292-293.<br \/>\nMolenda D. 1989 \u2013 Eksploatacja rud miedzi i handel miedzi\u0105 w Polsce w p\u00f3\u017anym \u015bredniowieczu i w pocz\u0105tkach nowo\u017cytno\u015bci (do 1795 r.). Przegl. Hist., 80, 4: 801-814.<br \/>\nMuszy\u0144ska J. 1991 \u2013 G\u00f3rnictwo i hutnictwo w dobrach biskup\u00f3w krakowskich w wojew\u00f3dztwie sandomierskim w po\u0142owie XVII wieku. Pami\u0119tnik \u015awi\u0119tokrzyski. Studia z Dziej\u00f3w Kultury Chrze\u015bcija\u0144skiej. Wyd. Kiel Tow. Nauk., Kielce: 147-163.<br \/>\nNaruszewicz A. 1805 \u2013 Diariusz podr\u00f3\u017cy Stanis\u0142awa Augusta kr\u00f3la na Ukrain\u0119 w roku 1787. Warszawa, ss. 488.<br \/>\nNiemcewicz J. U. 1859 \u2013 Podr\u00f3\u017ce historyczne po ziemiach polskich od 1811 do 1828 roku. Wyd. B. M. Wolff, Petersburg.<br \/>\nPazdur J. 1957 &#8211; Zak\u0142ady Metalowe w Bia\u0142ogonie 1614-1914. Ossolineum, Wroc\u0142aw.<br \/>\nPiekarski K. 1961 \u2013 W sprawie genezy z\u0142o\u017ca rud miedzi w Miedzianej G\u00f3rze ko\u0142o Kielc. Pr. Geol. Kom. Nauk Geol. PAN, Oddz. w Krakowie, 3: 43-68.<br \/>\nPiekarski K. 1963 \u2013 Osadowa czy ascenzyjno-hydrotermalna geneza pierwotnej mineralizacji kruszcowej z\u0142o\u017ca w Miedzianej G\u00f3rze ko\u0142o Kielc. Przegl. Geol., 11, 10: 441-444.<br \/>\nPol M. 1929 \u2013 Z\u0142o\u017ce rudy miedzianej w Miedzianej G\u00f3rze w Kieleckiem. Technik, 18: 556-558.<br \/>\nPusch G. G. 1903 \u2013 Geognostyczny opis Polski oraz innych kraj\u00f3w na p\u00f3\u0142noc od Karpat po\u0142o\u017conych. Druk S. \u015awi\u0119ckiego, D\u0105browa.<br \/>\nRubinowski Z. 1962 \u2013 W sprawie koncepcji osadowej genezy z\u0142o\u017ca miedzi w Miedzianej G\u00f3rze ko\u0142o Kielc. Przegl. Geol., 10, 9: 460-462.<br \/>\nRubinowski Z. 1969 \u2013 Wst\u0119pne wyniki bada\u0144 geologicznych w strefie z\u0142o\u017ca rud \u017celaza w \u0141awecznie ko\u0142o Miedzianej G\u00f3ry. Kwart. Geol., 13, 4: 942-943.<br \/>\nRubinowski Z. 1971a &#8211; Rudy metali nie\u017celaznych w G\u00f3rach \u015awi\u0119tokrzyskich. Biul. Inst. Geol., 247.<br \/>\nRubinowski Z. 1971b \u2013 Geologia oraz okruszcowanie miedzianog\u00f3rskiej strefy dyslokacyjnej. Kwart. Geol., 15, 3: 745-746.<br \/>\nRubinowski Z. 1982 \u2013 Najstarszy polski plan g\u00f3rniczo-geologiczny kopalni w Miedzianej G\u00f3rze z 1782. Przegl. Geol. 30, 10: 524-525.<br \/>\nRubinowski Z. 1984 &#8211; Interpretacja g\u00f3rniczo-geologiczna planu kopalni w Miedzianej G\u00f3rze z 1782 roku. Studia Kieleckie, 1\/41: 65-80.<br \/>\nRubinowski Z., W\u00f3jcik Z. 1978 &#8211; Ods\u0142oni\u0119cia geologiczne Kielc i okolic oraz problemy ich ochrony i zagospodarowania. Pr. Muz. Ziemi, 29: 95-121.<br \/>\nUrban J. 1979 &#8211; Mineralizacja strefy utlenionej z\u0142o\u017ca w \u0141awecznie na podstawie materia\u0142\u00f3w z ha\u0142d. Kwart.Geol., 23, 2: 507-508.<br \/>\nSioma J. 1917 \u2013 Nabljudenja i issledovanja po minera\u0142ogii i lito\u0142ogii \u0141ysogoria. Moskva.<br \/>\nSzczepa\u0144ski J. 1997 &#8211; Modernizacja g\u00f3rnictwa i hutnictwa w Kr\u00f3lestwie Polskim w I po\u0142owie XIX w. Rola specjalist\u00f3w niemieckich i brytyjskich. Wyd. WSP, Kielce.<br \/>\nSzczepa\u0144ski J. 2016 &#8211; Genera\u0142 Jan Baptysta Komarzewski i kopalnie Miedzianej G\u00f3ry. W: Historia magistra vitae est\u2026. Studia z dziej\u00f3w spo\u0142eczno-politycznych, gospodarczych i kulturalnych. Ksi\u0119ga jubileuszowa dedykowana prof. zw. dr. hab. Wies\u0142awowi Cabanowi z okazji 45-lecia pracy naukowej, Kielce, s. 109-130<br \/>\nWojciechowski A. 2002 \u2013 Ha\u0142dy dawnego g\u00f3rnictwa \u015bwi\u0119tokrzyskiego jako \u017ar\u00f3d\u0142o metali kolorowych i szlachetnych. Przegl. Geol., 50, 3: 240-245.<br \/>\nW\u00f3jcik Z. 1997 \u2013 Studia z dziej\u00f3w rozpoznania bogactw mineralnych regionu \u015bwi\u0119tokrzyskiego. Tow. Przyj. G\u00f3rn., Hutn. i Przem. Starop. Kielce.<br \/>\nW\u00f3jcik Z. 2002 \u2013 Problematyka geologiczna i g\u00f3rnicza w \u201eGazecie Kieleckiej\u201d w latach 1871-1900. Wyb\u00f3r artyku\u0142\u00f3w. \u015awi\u0119tokrz. Stow. Dziedzictwa Przemys\u0142owego w Kielcach. Kielce.<br \/>\nWr\u00f3blewski T. 1972 \u2013 Metody terenowych bada\u0144 stanowisk g\u00f3rnictwa i hutnictwa kruszcowego w G\u00f3rach \u015awi\u0119tokrzyskich. W: Materia\u0142y do sesji naukowej odbytej z okazji jubileuszu IX wiek\u00f3w Kielc. Wyd. Geol., Warszawa: 185-190.<br \/>\nWr\u00f3blewski T. 2000 \u2013 Ochrona geor\u00f3\u017cnorodno\u015bci w regionie \u015bwi\u0119tokrzyskim. Wyd. Pa\u0144stw. Inst. Geol., Warszawa.<\/p>\n","protected":false},"excerpt":{"rendered":"<p>Adamczyk S. J., 2003 &#8211; Szko\u0142a Akademiczno-G\u00f3rnicza w Kielcach (1816-1827). Agencja Reklamowo-Wydawnicza \u201eJard\u201d, Kielce. Carosi J. F. 1784b \u2013 Podr\u00f3\u017c przez niekt\u00f3re prowincye polskie. Magazyn Warszawski, t. 2: 302-319. Czarnocki J. 1956 \u2013 W sprawie poszukiwa\u0144 miedzi w G\u00f3rach \u015awi\u0119tokrzyskich. Prace Inst. Geol. Pr. Geol., t. 5, z. 1: 94-98. Czeppe M. 2000-2001 \u2013 Soldenhoffen [&hellip;]<\/p>\n","protected":false},"author":1,"featured_media":0,"parent":0,"menu_order":0,"comment_status":"closed","ping_status":"closed","template":"","meta":{"footnotes":""},"class_list":["post-493","page","type-page","status-publish","hentry"],"_links":{"self":[{"href":"https:\/\/www.miedziana.pl\/index.php\/wp-json\/wp\/v2\/pages\/493","targetHints":{"allow":["GET"]}}],"collection":[{"href":"https:\/\/www.miedziana.pl\/index.php\/wp-json\/wp\/v2\/pages"}],"about":[{"href":"https:\/\/www.miedziana.pl\/index.php\/wp-json\/wp\/v2\/types\/page"}],"author":[{"embeddable":true,"href":"https:\/\/www.miedziana.pl\/index.php\/wp-json\/wp\/v2\/users\/1"}],"replies":[{"embeddable":true,"href":"https:\/\/www.miedziana.pl\/index.php\/wp-json\/wp\/v2\/comments?post=493"}],"version-history":[{"count":17,"href":"https:\/\/www.miedziana.pl\/index.php\/wp-json\/wp\/v2\/pages\/493\/revisions"}],"predecessor-version":[{"id":1256,"href":"https:\/\/www.miedziana.pl\/index.php\/wp-json\/wp\/v2\/pages\/493\/revisions\/1256"}],"wp:attachment":[{"href":"https:\/\/www.miedziana.pl\/index.php\/wp-json\/wp\/v2\/media?parent=493"}],"curies":[{"name":"wp","href":"https:\/\/api.w.org\/{rel}","templated":true}]}}