{"id":70,"date":"2015-08-06T21:18:14","date_gmt":"2015-08-06T19:18:14","guid":{"rendered":"http:\/\/www.miedziana.pl\/?page_id=70"},"modified":"2015-08-16T11:37:22","modified_gmt":"2015-08-16T09:37:22","slug":"70-2","status":"publish","type":"page","link":"https:\/\/www.miedziana.pl\/index.php\/70-2\/","title":{"rendered":"Fragment relacji Juliana U. Niemcewicza"},"content":{"rendered":"<p><strong>Fragment relacji Juliana U. Niemcewicza ze zwiedzania kopalni miedzianog\u00f3rskiej<\/strong><\/p>\n<p style=\"text-align: justify;\"><strong>\u00a0<\/strong>O mil\u0119 od Samsonowa, jad\u0105c zawsze g\u00f3rzystym krajem, przyje\u017cd\u017ca si\u0119 do Miedzianej g\u00f3ry, jednej z najbogatszych w kraju naszym kopalni. Znajduje si\u0119 tam mianowicie mied\u017a, o\u0142\u00f3w, galman, \u017celazo, czasem osobno, cz\u0119sto po kilka albo wszystkie razem po\u0142\u0105czone ze sob\u0105. Zdj\u0119ty ciekawo\u015bci\u0105, za po\u015brednictwem jednego z pierwszych g\u00f3rnik\u00f3w ubrany w ubi\u00f3r ich, spu\u015bci\u0142em si\u0119 w wn\u0119trzn\u0105 g\u0142\u0119bi\u0119 o 200 st\u00f3p<a href=\"#_edn1\" name=\"_ednref1\">[1]<\/a> przynajmniej. Przyznam si\u0119, i\u017c w ciasnej szybie postawione prostopad\u0142e nad ciemn\u0105 g\u0142\u0119bi\u0105 \u015blizkie ciasne drabinki, podr\u00f3\u017c t\u0119 nie najprzyjemniejsz\u0105 czyni\u0142y. Obszed\u0142em atoli cztery szyby, w kt\u00f3rych umiej\u0119tny m\u00f3j przyw\u00f3dca <a href=\"#_edn2\" name=\"_ednref2\">[2]<\/a> okazywa\u0142 mi r\u00f3\u017cne rodzaje i odmiany kruszc\u00f3w. Natrafili\u015bmy na g\u00f3rnik\u00f3w przy bladem kaga\u0144ca \u015bwietle od\u0142upuj\u0105cych oskarpami g\u0142azy, na ch\u0142opc\u00f3w sun\u0105cych w skrzyniach od\u0142upane kruszce. Przechody ocembrowane s\u0105 drzewem<a href=\"#_edn3\" name=\"_ednref3\">[3]<\/a>. Kopalnie te od wiek\u00f3w wybierane by\u0142y; \u015bwiadkiem tego napotykane wybrane ju\u017c \u015bcie\u017cki, a co wi\u0119cej, w \u015brodku samego kruszcu znajduj\u0105ce si\u0119 kawa\u0142y dawnych podp\u00f3r. Powietrze w tych lochach by\u0142o ci\u0119\u017ckie i przykre; g\u00f3rnicy uwa\u017caj\u0105, \u017ce w czasie wielkich upa\u0142\u00f3w postrzega si\u0119 wyziew niejaki w kruszcach. Inn\u0105 szyb\u0105, z niema\u0142em utrudzeniem, wyszed\u0142em na \u015bwiat\u0142o\u015b\u0107 dzienn\u0105. Odwiedzi\u0142em probierc\u0119<a href=\"#_edn4\" name=\"_ednref4\">[4]<\/a>, p. Czerejskiego, cz\u0142owieka wielce do g\u00f3rnictwa przyk\u0142adaj\u0105cego si\u0119, da\u0142 mi niekt\u00f3re kopane tam kruszce. Dzi\u015b g\u00f3rnicy w Miedzianej g\u00f3rze odkrywaniem tylko nowych \u017cy\u0142 i wybieraniem onych zatrudniaj\u0105 si\u0119; niedostatek pieca sprawuje, \u017ce wydobyte kruszce dot\u0105d stosami nieu\u017cyte le\u017c\u0105.<\/p>\n<p>(Niemcewicz J. U. 1859 \u2013 Podr\u00f3\u017ce historyczne po ziemiach polskich od 1811 do 1828 roku. Wyd. B. M. Wolff, Petersburg).<\/p>\n<p><a href=\"#_ednref1\" name=\"_edn1\">[1]<\/a> Stopa \u2013 29,8 cm.<br \/>\n<a href=\"#_ednref2\" name=\"_edn2\">[2]<\/a> Przyw\u00f3dca \u2013 tu: przewodnik.<br \/>\n<a href=\"#_ednref3\" name=\"_edn3\">[3]<\/a> Przech\u00f3d &#8230; \u2013 chodnik g\u00f3rniczy z drewnian\u0105 obudow\u0105.<br \/>\n<a href=\"#_ednref4\" name=\"_edn4\">[4]<\/a> Probierca \u2013 osoba oceniaj\u0105ca jako\u015b\u0107 rudy.<\/p>\n","protected":false},"excerpt":{"rendered":"<p>Fragment relacji Juliana U. Niemcewicza ze zwiedzania kopalni miedzianog\u00f3rskiej \u00a0O mil\u0119 od Samsonowa, jad\u0105c zawsze g\u00f3rzystym krajem, przyje\u017cd\u017ca si\u0119 do Miedzianej g\u00f3ry, jednej z najbogatszych w kraju naszym kopalni. Znajduje si\u0119 tam mianowicie mied\u017a, o\u0142\u00f3w, galman, \u017celazo, czasem osobno, cz\u0119sto po kilka albo wszystkie razem po\u0142\u0105czone ze sob\u0105. Zdj\u0119ty ciekawo\u015bci\u0105, za po\u015brednictwem jednego z pierwszych [&hellip;]<\/p>\n","protected":false},"author":1,"featured_media":0,"parent":0,"menu_order":0,"comment_status":"closed","ping_status":"closed","template":"","meta":{"footnotes":""},"class_list":["post-70","page","type-page","status-publish","hentry"],"_links":{"self":[{"href":"https:\/\/www.miedziana.pl\/index.php\/wp-json\/wp\/v2\/pages\/70","targetHints":{"allow":["GET"]}}],"collection":[{"href":"https:\/\/www.miedziana.pl\/index.php\/wp-json\/wp\/v2\/pages"}],"about":[{"href":"https:\/\/www.miedziana.pl\/index.php\/wp-json\/wp\/v2\/types\/page"}],"author":[{"embeddable":true,"href":"https:\/\/www.miedziana.pl\/index.php\/wp-json\/wp\/v2\/users\/1"}],"replies":[{"embeddable":true,"href":"https:\/\/www.miedziana.pl\/index.php\/wp-json\/wp\/v2\/comments?post=70"}],"version-history":[{"count":6,"href":"https:\/\/www.miedziana.pl\/index.php\/wp-json\/wp\/v2\/pages\/70\/revisions"}],"predecessor-version":[{"id":529,"href":"https:\/\/www.miedziana.pl\/index.php\/wp-json\/wp\/v2\/pages\/70\/revisions\/529"}],"wp:attachment":[{"href":"https:\/\/www.miedziana.pl\/index.php\/wp-json\/wp\/v2\/media?parent=70"}],"curies":[{"name":"wp","href":"https:\/\/api.w.org\/{rel}","templated":true}]}}